List the prime factors of n.
2, 7
List the prime factors of 6480/8 - ((-2 - 2) + -5).
3, 7, 13
List the prime factors of (-40)/10 - (-7 + -521)/4.
2
Suppose 3*y = 5*x - 9290, -355 = 3*x + 4*y - 5900. Suppose 0 = 7*p - 868 - x. List the prime factors of p.
389
Suppose -5*u + 279 = 969. Let o = u - -368. What are the prime factors of ((-3)/(-5))/(2/o)?
3, 23
Let b be (-1 + 0)/(7/(-1) + 6). Let u be b/((-5)/((-75)/3)). Suppose u*x = -99 + 369. What are the prime factors of x?
2, 3
Let a(b) = -b - b**3 + 0*b - 6*b**2 - 1 - 1. Let y be a(-6). Suppose -3*l = v - 193, -81 - 163 = -y*l - 4*v. What are the prime factors of l?
2, 3, 11
Let v be 72/2*189/42. Suppose 0 = c + 7*g - 6*g - v, 4*c - 624 = 4*g. What are the prime factors of c?
3, 53
Let y(u) be the third derivative of u**6/20 - u**5/20 - u**4/12 + 5*u**2 - 4. What are the prime factors of y(3)?
3, 43
Let x be (-6)/11 - (-36)/66. List the prime factors of 6 - 2 - (x - 1)*653.
3, 73
What are the prime factors of -2 - (-22 + 12) - 1450/(-1)?
2, 3
Let z(w) = 74 - w**3 + 41*w**2 + 18 - 28*w + 66 - 21*w. What are the prime factors of z(39)?
1289
Let h(d) = d**2 + 4*d + 6. Suppose 3*m + 24 = -3*m. Let u be h(m). Suppose 49 = b + u. List the prime factors of b.
43
Suppose -7 = -6*q + 59. Let b(s) = -7*s**3 + s**2 + 2*s + 2. Let h be b(-1). Suppose -q*m + h*m = -243. List the prime factors of m.
3
Let n be (-237)/(-9) - (-4 + 0)/(-12). Let a be 2272/(-104) - 4/n. Let x = a - -35. What are the prime factors of x?
13
Suppose 2*m + 7*y = 8*y + 134095, -11*m + 4*y + 737533 = 0. What are the prime factors of m?
19, 3529
Let s = 1 + 3. Suppose 0 = 5*g - 34*u + 38*u - 91, 4*u = 4*g - 44. Suppose -3*j - 2*j = s*b - 39, -2*j + g = b. List the prime factors of j.
7
Let k(w) = 17*w**2 - 5*w + 13. Let c be k(2). Let v = -102 - -211. Let r = v - c. List the prime factors of r.
2, 19
Let w = -167 + 300. Suppose -5*n + 10*n = 235. Let r = n + w. List the prime factors of r.
2, 3, 5
Let b = 40538 + -35429. What are the prime factors of b?
3, 13, 131
Let m(r) = -338*r - 7. Let b be m(-5). Suppose -b = -26*z + 15*z. List the prime factors of z.
3, 17
Suppose -s = -3, 2*l - 149 = -0*s + 3*s. Let z = -75 + l. What are the prime factors of z/(-14) - (-17655)/77?
229
Suppose 0 = -30*q + 1530 + 900. Suppose 0 = -c + q + 38. List the prime factors of c.
7, 17
Let b(x) = x**3 - x**2 + 2*x. Let i be b(0). Suppose i*u - u = -153. Suppose 0 = 8*h - 521 + u. What are the prime factors of h?
2, 23
Suppose -414*a + 153568 = -382*a. List the prime factors of a.
4799
Suppose 4*i = -3*l + 10179, 6786 = -24*l + 26*l + 3*i. List the prime factors of l.
3, 13, 29
Suppose 4*r + 4*g = 160, -3*r - g + 121 = 3*g. Suppose 0 = -38*i + r*i - 35. What are the prime factors of (-161)/(-5) + 28/i?
3, 11
Suppose n + 5*x - 1 - 40 = 0, -4*n = -3*x - 141. Suppose -n + 1688 = 4*g. List the prime factors of g.
7, 59
Let x = 643 - 637. Suppose -x*b + 3354 = -300. What are the prime factors of b?
3, 7, 29
Let a(g) = -g**3 + 6*g**2 - 32*g - 11. Let p be a(6). Let c = p + 853. List the prime factors of c.
2, 5, 13
Let w(h) = 10*h**2 + 82*h + 558. Let i(q) = 3*q**2 + 27*q + 186. Let r(g) = -16*i(g) + 5*w(g). What are the prime factors of r(38)?
2, 3, 311
Suppose -2*m = -q - 253 - 293, 3*m - 833 = -2*q. Let a = 457 - m. What are the prime factors of a?
2, 7, 13
Suppose 21*z = -36*z + 535543 - 130786. What are the prime factors of z?
3, 263
Let i = 1503 + -2131. Let g = -475 - i. What are the prime factors of g?
3, 17
Suppose 14 = 9*d - 11*d. List the prime factors of 2*d/(70/(-185)).
37
Suppose -2*n - 4*r - 20 = -4*n, 5*r = -20. Suppose -n*k = 4*b + 28 + 24, 3*b + 39 = -2*k. What are the prime factors of (0/(-3) - -8)*(1 - b)?
2, 7
Let q(y) be the third derivative of -2*y**4/3 - 5*y**3/6 - y**2. Let m be q(-11). Suppose 2*d = -3*j + 114, 4*j - 3*d - m = -j. List the prime factors of j.
2, 3
List the prime factors of 6 - ((-220624)/10 - 26/(-65)).
2, 3, 613
Let h = 413 + 377. Let m = 65 + h. List the prime factors of m.
3, 5, 19
Let x = 7708 + 10071. What are the prime factors of x?
23, 773
Let t be (20/6)/((-8)/(-2832)). Suppose 0 = 4*q - 8, 4*i + 3*q - t = -q. Suppose -u = -5*w + 294, 0 = 5*w - 0*u - 2*u - i. What are the prime factors of w?
59
Let o(r) be the third derivative of -91*r**4/24 - 75*r**3/2 + 39*r**2. List the prime factors of o(-13).
2, 479
Let m be -2 + (209 - (-16)/(-4)). Suppose 5*l - 69 = -u, -5*u = 4*l - 205 - m. What are the prime factors of 36/u - (-316)/14?
23
Let l(p) = -8*p**2 + 27*p - 7. Let n be l(3). Suppose n*o + 5*s - 9*s = 496, o - 244 = 3*s. What are the prime factors of o?
2
Suppose 0 = -6*p - 1542 - 438. List the prime factors of 5/(p/(-39876)) + 2/(-11).
2, 151
Suppose -2*o - 3*o = -2*o. Suppose 4*h - 15 + 7 = o. Suppose 2*t + 3*g = -0*t + 176, -h*t + 3*g + 152 = 0. What are the prime factors of t?
2, 41
Let r = -32713 - -52608. List the prime factors of r.
5, 23, 173
Let b = -15 + 18. Let w be (b - 39/6)/(1/(-2)). List the prime factors of (-6)/28*-904 - (-2)/w.
2, 97
Let h(z) = 3847*z**3 - 2*z**2 - 34*z + 40. Let k(s) = 2564*s**3 - s**2 - 22*s + 26. Let t(y) = 5*h(y) - 7*k(y). List the prime factors of t(1).
2, 643
Let p be 6/24 - (-135)/20. List the prime factors of (-862)/(-16) - p/(-56).
2, 3
Let q(c) = -2*c + 18. Let z be q(8). Suppose 6 = -z*b + 14. Suppose -b*n + 79 = -17. List the prime factors of n.
2, 3
Suppose 57 - 9 = 2*u. List the prime factors of 3 + 1 + u + 1.
29
Let n(u) = 902*u**3 + u**2 - 4*u + 3. Let i be n(1). Let s = i - 183. List the prime factors of s.
719
Suppose -29*c - 24 = -25*c. Let y be -2 - (3 + c) - 30. Let t = 4 - y. What are the prime factors of t?
3, 11
Let q(l) = -5*l**3 + 9*l**2 - 4*l + 2. Let t(f) = 4*f**3 - 8*f**2 + 4*f - 3. Suppose 14 + 16 = 5*u. Let v(n) = u*t(n) + 5*q(n). List the prime factors of v(-6).
2, 19
Let z(t) = 24*t + 1. Let f be z(-1). Let k = 61 + -98. Let p = f - k. What are the prime factors of p?
2, 7
Let b(k) = -k**3 - 18*k**2 - 4*k - 37. Let t be b(-18). List the prime factors of (-5847)/(-7) - (255/t + -7).
5, 167
Suppose 22 = -2*j + 4*k, -4*k = -4*j + 8 - 32. Let n(l) = -66*l - 8. Let m be n(j). Suppose -m = -2*x - 4*g, -x - 4 = -4*g - 3. List the prime factors of x.
19
Suppose -151*d + 148*d = -19404. List the prime factors of d.
2, 3, 7, 11
Suppose 0 = -3*w + 415*s - 416*s + 158026, 3*s + 263358 = 5*w. What are the prime factors of w?
2, 3, 8779
List the prime factors of 9*4629/(-6)*(476 + -480).
2, 3, 1543
Let p(s) = -21*s**3 - 4*s**2 + 5*s - 8. Let k be p(-5). Suppose 4*a = 5*u - k, 4*a + 1500 = 5*u - 2*u. What are the prime factors of u?
2, 31
Let c(g) = 29*g - 167. Let t be c(-19). Let u = t + 1263. List the prime factors of u.
5, 109
Let w be ((-25)/(-15) + 0)*-3 - -5. Suppose w = -2*l + 2*b + 174, -2*l + 144 = 5*b - 58. What are the prime factors of l?
7, 13
Let r be (0 + 2 - 8783)*(-4 + 3). What are the prime factors of r*(-2)/(-54) + (-4)/18?
5, 13
Let s(a) = a**2 + 91*a + 75. List the prime factors of s(34).
5, 173
Let f be (-3 - (1 - 2)) + (11 - -1). Suppose -f*j = -6*j - 988. Suppose s = -5*c + 441, -3*c - 4*s + j = s. What are the prime factors of c?
89
Let c(o) = -474*o**2 + 5*o + 4. Let i be c(2). Let z = i - -3320. List the prime factors of z.
2, 719
Let z(u) = -651*u - 436. What are the prime factors of z(-6)?
2, 5, 347
Let p(h) = h**3 + 15*h**2 + 20*h - 10. Let u be p(-10). Let q = -157 + u. Let x = q - 69. List the prime factors of x.
2
Suppose -5*s + 81954 = 5*z - 188116, -s = -2*z + 108010. What are the prime factors of z?
2, 43, 157
Let g(f) = -20*f - 32 - 4*f**2 - 3*f + 30*f**2 - 8*f**2. What are the prime factors of g(-6)?
2, 13, 29
Let y = 18582 + -10543. List the prime factors of y.
8039
Let m(a) be the third derivative of a**5/60 - a**4/3 - 3*a**3 + 13*a**2. Let o be m(9). Let y(n) = n**3 + 10*n**2 - 7*n + 5. List the prime factors of y(o).
149
Let s = 3540 + 9746. List the prime factors of s.
2, 7, 13, 73
Let n(k) = 5*k**2 - 49*k + 12. Let v be n(12). Let o = v - -171. What are the prime factors of o?
3, 5, 7
Suppose -3*p - 35 = -3*n - 2*n, 36 = 4*n - 4*p. Suppose w - 47 = -3*k, -n*w - 3*k + k + 208 = 0. Suppose 2*q = 211 - w. List the prime factors of q.
79
Let j be (15/9)/((-24)/(-72)). Suppose 0 = -4*v + 3*x + 2245, 5*v - 1285 - 